) = -2*q**3 - 2*q**2 + 41*q - 77. What is u(3)?
-26
Let r(z) = -z**3 - 13*z**2 - 10*z + 210. Determine r(-9).
-24
Let o(u) = -21534*u - 107681. What is o(-5)?
-11
Let f(u) = 2*u**3 - 39*u**2 - 2439*u + 38. Determine f(46).
-8
Let l(j) = -8*j**3 - 4*j**2 - 14*j + 50. Give l(3).
-244
Let g(l) = -4*l**2 - 66*l + 125. What is g(-16)?
157
Let p(l) = -47*l**3 + 17*l - 34. What is p(2)?
-376
Let l(h) = 3*h**2 - 139*h - 22. What is l(46)?
-68
Let c(s) = 3*s**3 + 103*s**2 - 74*s - 140. Calculate c(-35).
0
Let p(l) = 392*l + 781. Calculate p(-2).
-3
Let l(h) = -h**2 - 28*h - 173. Calculate l(-7).
-26
Let b(m) = 4*m**3 - 8*m**2 + 4*m + 6. Determine b(2).
14
Let v(q) = 14*q**2 - 581*q + 880. What is v(40)?
40
Let a(w) = -w**3 - 39*w**2 + 34*w - 201. Calculate a(-40).
39
Let o(t) = t**2 + 36*t - 633. Give o(13).
4
Let h(w) = -2*w**2 + 95*w - 251. Determine h(42).
211
Let k(b) = -178*b - 26699. Give k(-150).
1
Let w(j) = -1916*j - 15322. Give w(-8).
6
Let a(d) = -4*d**3 - 2*d**2 + 20*d - 12. Calculate a(2).
-12
Let k(s) = -s**3 + 29*s**2 - 14*s + 394. Determine k(29).
-12
Let j(f) = 39*f**2 - 244*f + 246. Give j(1).
41
Let f(j) = 2*j**3 - 15*j**2 + 13*j + 12. Give f(6).
-18
Let m(k) = 6*k**3 + 24*k**2 + 3*k - 7. What is m(-2)?
35
Let v(l) = -37*l**2 + 2*l + 3. Determine v(2).
-141
Let a(p) = p**2 - 13*p - 32. Give a(18).
58
Let j(i) = -41*i**2 - 216*i - 11. What is j(-6)?
-191
Let o(j) = -3*j**3 + 12*j**2 + 19*j - 34. Determine o(5).
-14
Let h(o) = -69*o**2 - 349*o - 18. Calculate h(-5).
2
Let t(a) = -a**3 + 34*a**2 + 35*a - 92. Calculate t(35).
-92
Let z(k) = 4*k**2 + 132*k + 103. Give z(-32).
-25
Let h(d) = -2*d**2 + 2137*d + 4278. Calculate h(-2).
-4
Let i(c) = -323*c - 5794. Determine i(-18).
20
Let m(a) = 5*a**2 - 11*a + 12. Calculate m(1).
6
Let s(t) = -9871*t + 98708. Give s(10).
-2
Let v(a) = 275*a + 11308. Give v(-41).
33
Let q(p) = -6*p**2 + 260*p - 96. Calculate q(43).
-10
Let t(u) = -2*u**3 - 141*u**2 - 72*u - 413. Calculate t(-70).
-273
Let a(t) = -10*t**3 - 26*t**2 - 34*t - 100. Calculate a(-3).
38
Let b(v) = v**2 + 14*v - 42. Determine b(3).
9
Let b(u) = 56*u - 1737. What is b(31)?
-1
Let s(f) = f**3 + 27*f**2 - 240*f - 31. Determine s(-34).
37
Let r(g) = -97*g + 737. Calculate r(7).
58
Let q(c) = c**2 - 4*c - 110. Give q(10).
-50
Let w(d) = -7*d**3 - 4*d**2 + 6*d - 20. What is w(3)?
-227
Let h(b) = -3*b**3 + 297*b**2 + 2*b - 238. Determine h(99).
-40
Let x(a) = -91*a - 4190. Give x(-46).
-4
Let a(p) = -p**3 + 13*p**2 + 129*p - 693. Calculate a(18).
9
Let b(f) = 3*f**3 - 164*f**2 - 69*f + 725. What is b(55)?
-45
Let k(y) = -y**2 - 5*y - 8. Determine k(-2).
-2
Let h(j) = -2*j**3 - 68*j**2 - 73*j - 134. Determine h(-33).
97
Let c(b) = 2*b**2 - 53*b - 146. Determine c(31).
133
Let x(y) = -y**3 + 36*y - 6. Determine x(6).
-6
Let d(i) = i**2 + 86*i + 1809. Calculate d(-49).
-4
Let l(o) = 6*o**2 + 208*o + 703. Calculate l(-31).
21
Let o(h) = h**3 + 121*h**2 + 15*h - 12593. Give o(-120).
7
Let x(m) = 3*m - 89. Give x(36).
19
Let s(c) = -5*c + 298. What is s(-27)?
433
Let w(n) = 7*n**3 + 12*n**2 - 20*n - 30. Give w(-2).
2
Let w(r) = -10569*r - 443899. Calculate w(-42).
-1
Let x(l) = l**3 + 5*l**2 - 101*l + 52. What is x(-13)?
13
Let x(a) = -a**3 + 15*a**2 - 24*a - 21. Give x(13).
5
Let f(w) = -102*w + 480. What is f(4)?
72
Let m(s) = -3513*s + 1. What is m(0)?
1
Let j(f) = -f**2 - 57*f + 2338. Determine j(28).
-42
Let p(o) = -15*o - 419. Determine p(0).
-419
Let x(l) = -l**3 + l**2 - l + 101. Give x(0).
101
Let y(w) = 2*w**3 + 103*w**2 - 162*w - 167. Give y(-53).
-8
Let r(q) = 304*q + 7574. Calculate r(-25).
-26
Let c(h) = -h**3 + 17*h**2 - 71*h + 636. Determine c(16).
-244
Let t(w) = -300*w - 4802. Give t(-16).
-2
Let r(b) = -37*b**2 - 233*b + 165. Determine r(-7).
-17
Let x(d) = 1080*d - 2155. Give x(2).
5
Let n(u) = 529*u - 2116. Determine n(4).
0
Let g(k) = 3*k - 238. Calculate g(29).
-151
Let r(s) = -s**3 + 10*s**2 + 28*s - 28. Give r(11).
159
Let l(m) = -m**3 + 422*m - 395. Determine l(-21).
4
Let r(o) = 290*o + 2979. Give r(-10).
79
Let q(h) = 3*h**3 + 15*h**2 - 103*h - 645. Calculate q(-6).
-135
Let w(x) = -x**3 - 21*x**2 - 39*x - 22. Give w(-19).
-3
Let s(y) = -y**3 + 75*y**2 - 281*y - 1. Determine s(4).
11
Let a(i) = -110*i + 8776. Calculate a(80).
-24
Let o(l) = -l**3 - 18*l**2 - 26*l - 77. Determine o(-12).
-629
Let k(f) = -f**2 + 348*f + 8546. Determine k(-23).
13
Let t(u) = u**3 + 18*u**2 + 19*u - 23. What is t(-2)?
3
Let y(x) = -7*x**3 - 3*x**2 - 2*x - 2. Give y(-1).
4
Let p(r) = -r**2 + 31*r - 76. Calculate p(34).
-178
Let h(q) = 393*q + 11797. Determine h(-30).
7
Let h(a) = 10*a**2 + 46*a + 277. Calculate h(-8).
549
Let w(b) = -17*b**3 - 6*b - 7. Determine w(-1).
16
Let q(y) = -y**2 + 64*y - 400. Calculate q(57).
-1
Let b(h) = 2*h**3 + 54*h**2 + 55*h + 91. Give b(-26).
13
Let p(l) = l**3 - 14*l**2 + 17*l + 6. Give p(12).
-78
Let j(w) = w**3 - 8*w**2 - 238*w - 45. What is j(20)?
-5
Let n(r) = 148*r**2 + r + 9. Give n(2).
603
Let y(v) = -v**3 + 15*v**2 - 40*v + 13. What is y(12)?
-35
Let f(z) = 2*z**2 + 4*z + 26. Calculate f(6).
122
Let a(v) = 8*v + 35. Give a(-8).
-29
Let z(b) = -b**3 - 5*b**2 - 40*b - 84. Give z(-2).
-16
Let w(n) = 3446*n - 31011. Give w(9).
3
Let w(m) = -m**3 - 33*m**2 - 30*m + 22. Calculate w(-32).
-42
Let c(i) = 4*i**3 - 23*i**2 + 3*i + 20. Determine c(5).
-40
Let m(f) = 2*f**3 - 20*f**2 + 63*f + 1. Determine m(5).
66
Let d(o) = 26*o + 3. Give d(-3).
-75
Let s(x) = -95*x - 296. What is s(5)?
-771
Let f(g) = -37*g**3 + 2*g**2 + 2*g. Give f(1).
-33
Let w(x) = x**2 + 25*x + 128. Calculate w(-30).
278
Let d(n) = 116*n - 1440. Calculate d(14).
184
Let o(q) = 54*q + 2792. Give o(-51).
38
Let p(l) = -2*l**3 - 2*l**2 - 7. Determine p(3).
-79
Let c(t) = -14*t**2 + 407*t - 2872. Calculate c(12).
-4
Let i(z) = 2*z**2 + 57*z + 74. What is i(-21)?
-241
Let g(o) = o**3 + 9*o**2 + 4*o - 10. What is g(-7)?
60
Let t(q) = -q**3 - 34*q**2 - 170*q - 42. Calculate t(-28).
14
Let i(u) = 141*u + 2645. Determine i(-19).
-34
Let i(n) = -27*n + 169. Give i(6).
7
Let y(r) = -1424*r - 24234. Calculate y(-17).
-26
Let b(z) = -3*z - 96. Determine b(-35).
9
Let r(j) = -42*j + 169. What is r(-4)?
337
Let h(a) = -18*a - 1553. Calculate h(-85).
-23
Let v(y) = -6*y**3 + 63*y**2 - 26*y - 45. What is v(10)?
-5
Let h(a) = 6*a**3 + a**2 - 32*a + 30. What is h(1)?
5
Let j(i) = 3*i**2 - 349*i - 267. Calculate j(117).
-33
Let m(p) = -p**2 + 26*p + 109. Give m(-5).
-46
Let y(j) = -373*j - 12. Give y(0).
-12
Let g(o) = o**2 + 69*o + 608. Calculate g(-11).
-30
Let s(b) = -b**3 + 21*b**2 - 114*b + 57. Calculate s(10).
17
Let t(v) = v**3 - 5*v**2 + 5*v + 7. What is t(5)?
32
Let v(y) = y**3 - 72*y**2 + 76*y - 268. Calculate v(71).
87
Let u(m) = -m**2 - 623*m + 9575. Determine u(15).
5
Let c(s) = s**3 - 3*s**2 - 16*s - 2. What is c(5)?
-32
Let s(a) = 8*a - 28. Calculate s(4).
4
Let p(d) = d**3 - 18*d**2 + 13*d + 17. Calculate p(14).
-585
Let t(o) = o**3 - 10*o**2 + 38*o - 240. What is t(8)?
-64
Let m(c) = 317*c + 1640. Determine m(-5).
55
Let a(j) = j**3 + 38*j**2 - 78*j - 6. Determine a(2).
-2
Let j(w) = 265*w - 1507. What is j(6)?
83
Let g(j) = j**3 - 47*j**2 + 46*j - 64. Determine g(46).
-64
Let d(o) = -o**2 - 8*o + 281. Give d(-23).
-64
Let y(g) = -90*g**2 + 17463*g - 586. Calculate y(194).
-4
Let o(b) = -19*b + 896. What is o(49)?
-35
Let s(q) = -10*q + 636. Determine s(44).
196
Let v(u) = -u**3 + 24*u**2 - 16*u - 95. What is v(23)?
66
Let h(v) = -811*v - 70. Calculate h(-1).
741
Let r(t) = 4*t**2 - 33*t - 28. What is r(12)?
152
Let f(k) = -k**3 - 63*k**2 + 725*k - 328. Calculate f(-73).
37
Let z(s) = 2*s**2 - 26*s - 56. What is z(15)?
4
Let v(d) = -11028*d - 11038. Give v(-1).
-10
Let c(s) = -2*s**3 - 118*s**2 + 243*s - 47. What is c(-61)?
14
Let h(j) = -30*j + 241. Give h(10).
-59
Let y(t) = -2*t + 239. Calculate y(0).
239
Let g(h) = -217*h - 3229. Calculate g(-15).
26
Let f(i) = 138*i - 2493. Give f(18).
-9
Let b(o) = -50*o - 12542. Calculate b(-251).
8
Let q(o) = 677*o + 211. Determine q(-1).
-466
Let z(l) = l**2 + 583*l + 2313. What is z(-4)?
-3
Let d(l) = 308*l - 29885. What is d(97)?
-9
Let i(a) = -2*a**3 + a**2 + a + 5. Calculate i(-2).
23
Let c(s) = s**2 + 5*s - 297. Determine c(15).
3
Let k(r) = -r**2 - 59*r + 643. What is k(-68)?
31
Let j(o)